 -158 + 80. What is the tens digit of r/(-6) - (-1 - -4)?
1
Suppose -t = t - 10. Suppose -3*y = t*p - 39, 0*p - 5*y = -3*p + 3. Let n = 9 - p. What is the units digit of n?
3
Let r be (1 + (1 - 3))*0. Suppose r = i + 5*j + 10, -4*i - 32 = -8*i + 4*j. Suppose 0*h - 15 = -i*h. What is the units digit of h?
3
Let m = 8 + -13. What is the units digit of (-1)/(1 + (m - -3))?
1
Suppose 3*h - 248 = m + 581, -3*h + 825 = 3*m. What is the tens digit of h?
7
Suppose 5*g - 5 = 5. Let y be 4/2 - (2 - 0). Suppose -2*i + 10 = g*n - 0, y = 2*i + 4*n - 8. What is the units digit of i?
6
Suppose -5*t + 4*z = 67, -4*t - 2*z - 58 = -3*z. Let n = -8 - t. What is the units digit of n?
7
Let m be ((-8)/10)/((-2)/5). Suppose -116 = -0*q - m*q. Let y = q - 38. What is the units digit of y?
0
Let d(i) = -i**2 - 14*i - 1. What is the units digit of d(-10)?
9
Suppose 4*v + 5*b - 280 = -66, 0 = -4*v + 4*b + 232. What is the units digit of v?
6
Let v be 1*(-5)/((-10)/(-4)). What is the units digit of v/(-4) - (-15)/2?
8
Suppose -n - 8 = -5*n. Suppose -4*u = n*j - 148, 3*u + 2*j - 84 = 29. What is the units digit of u?
5
Let l(m) = 15*m**3 + m - 1. What is the units digit of l(1)?
5
Let w(j) = -j**3 - 5*j**2 - j + 5. Let l be w(-5). Let c = -2 + -2. Let m = l + c. What is the units digit of m?
6
Suppose -6*m - 147 = -2277. What is the units digit of m?
5
Let a be (1 - 1)/(10 - 8). Suppose a = d - 13 - 11. What is the units digit of d?
4
What is the units digit of 4*1 - (-13 + 11)?
6
Let g(c) = 4*c - 6*c + 4*c + 12 - c. What is the units digit of g(0)?
2
What is the units digit of (0 - -6) + 120 - -2*1?
8
Let l(h) = 86*h**2 + 2*h + 1. Let z be l(-1). Let o = z + -42. What is the tens digit of o?
4
Let p(l) = -l**3 + 6*l**2 - 5*l - 4. Let v be p(5). Let a be -1*2/(v/(-6)). Let f = -1 - a. What is the units digit of f?
2
Let r = 9 - -44. Let s = r - 36. What is the units digit of s?
7
Suppose 2*a + 5*f + 4 + 0 = 0, a - 4*f = 11. Suppose -44 = -h - a*h. Suppose -4*i = w - 6 - 0, -5*i + h = 3*w. What is the units digit of w?
2
Let u(y) = 3*y - 3*y + 2*y - 4 - 3. What is the units digit of u(4)?
1
Let c be (-14)/8 - (-24)/32. What is the units digit of 6/2 - (3 + c)?
1
Suppose -6*z + 2*z + 5*x + 27 = 0, -z + 2*x + 9 = 0. Let p be (1*3)/(z/9). Suppose -2*i + 0 = -3*r - 11, 2*r - p = -i. What is the units digit of i?
7
Let c(m) = -m**3 + 9*m**2 - 7*m + 7. Let r be c(8). Suppose 5*n = r + 10. Suppose -n = -4*y + 3*y. What is the units digit of y?
5
Let m(n) = n**3 + 2*n**2 - 2. Let k be m(-2). What is the tens digit of (-8 - -11) + (-36)/k?
2
Let u be 1 + (2 - 2) + 3. Suppose -3*n + 14 = -u*o + 149, -114 = -3*o - 2*n. What is the units digit of o?
6
Let c(p) = p**2 + 4*p - 7. Let j be c(-6). Let f = j - 2. Suppose 4*m - m - 24 = f*b, -4*b = 3*m - 59. What is the units digit of m?
3
Let m(s) = s**2 + 7*s + 3. Let i be m(-8). Let o = -7 + i. What is the units digit of o?
4
Let o = 4 + 4. Suppose 40 = 5*k + 5*r, 3*r - 8 = r. Suppose -k*a + o = -8. What is the units digit of a?
4
Suppose 4*t + 4*k = 432, k - 452 = -4*t + 2*k. What is the tens digit of t?
1
Suppose -242 = -c - 3*f + 8*f, -2*c - 4*f + 554 = 0. What is the tens digit of c?
6
Suppose -3*g - 3*s = -46 - 68, s - 2 = 0. What is the units digit of g?
6
Suppose 5*h + 2*z = 658, -143 = -2*h + 3*z + 124. Let m = h - 76. What is the tens digit of m?
5
Suppose -3 = -2*i - i. What is the units digit of i?
1
Let k be (2/(-3))/(3/27). What is the tens digit of -2*(21/k + -3)?
1
Let p(j) = j**2. Let k(t) = 13*t**2 - 3*t + 3. Let i(x) = k(x) - 6*p(x). Let l be i(3). What is the tens digit of l/5 + 2/(-5)?
1
Let r(x) = 2*x - 9. Let b be r(7). Suppose -3*j - 35 = -4*u, j + 49 = b*u - j. What is the tens digit of u?
1
Let t = 6 + -6. Suppose t = -4*n + 3*n + 9. What is the units digit of n?
9
Let f be ((-496)/2)/(-4) - -1. What is the units digit of (-3 + 5)*f/6?
1
Let j(p) = 29*p. Suppose 3*w = -0*w + 3. Let m be j(w). Let u = m - 15. What is the tens digit of u?
1
Let f = 23 + 23. What is the tens digit of f?
4
Let w be ((-18)/(2 - -1))/(-1). Let h = w - -10. What is the units digit of h?
6
What is the units digit of 909/5 - (-7)/35?
2
Suppose -116 = -0*g - 3*g + 5*t, 3*g - 88 = -2*t. What is the units digit of g?
2
Suppose -4*l + w = -809, w - 181 = -l - 3*w. What is the units digit of l?
1
Suppose 0*k + 45 = 3*k - 3*m, 5*k + 5*m - 85 = 0. Let g = -10 + k. Let a(o) = -o**3 + 6*o**2 + 3*o - 5. What is the units digit of a(g)?
3
Suppose 4*m = -3*z + 152, -5*z + 157 = 4*m - 91. What is the tens digit of z?
4
Let l be ((-16)/(-10))/(6/270). Suppose -3*k + 4*h = -0*h - 164, -5*k + 258 = h. Suppose 4*f = -2*b + k, -4*f + 5*b = 2*b - l. What is the units digit of f?
5
Suppose -3*u + 114 - 13 = 4*r, 0 = -3*r + 15. What is the tens digit of u?
2
Let f(i) = i**3 - 5*i**2 + 2*i - 15. What is the tens digit of f(7)?
9
Let j(r) = -r + 11. What is the units digit of j(-8)?
9
Let h(i) = 2*i. Let q be h(8). Suppose 0 = 4*x - 4*m, -4*x + 12 + q = 3*m. What is the units digit of x?
4
Let z(j) = -18 + 3*j - 3*j - 5*j + j. What is the units digit of z(-15)?
2
Suppose 24 = 5*k - 41. Let x = -2 + k. What is the units digit of x?
1
Let u = 6 + 28. What is the units digit of u?
4
What is the units digit of (-1 - -1) + ((-106)/1)/(-2)?
3
Let g(f) be the third derivative of f**5/60 - f**4/8 - f**3/3 + 3*f**2. Let m = 3 - 5. What is the units digit of g(m)?
8
Let p = -119 - -230. What is the hundreds digit of p?
1
Suppose -6*s + 475 = -s. What is the units digit of s?
5
Let h(d) = -2*d + 67. What is the tens digit of h(8)?
5
Let u(h) = -6*h - 1. Suppose 3*p + 12 = 3*g, -12 = -6*g + 2*g. Let f be u(p). Suppose 4*t = -5*z - 11, -4*t - 18 = -7*t + f*z. What is the units digit of t?
1
Suppose 0 = 2*u + d - 95 + 28, 2*d + 114 = 4*u. What is the tens digit of u?
3
Suppose 15 = 3*f - 0*f. Suppose -5*a + 3*a + 3*z - 14 = 0, -z = -a - f. What is the units digit of -1 + (1 - (-3 - a))?
2
Let y = -10 + 12. Suppose 4*i - 8 = 0, y*q - 3*i = 4*q - 50. What is the tens digit of q?
2
Let a be (-38)/(-3) + (-4)/6. Suppose w - a = -2*w. What is the tens digit of 0/8 - -4*w?
1
What is the tens digit of 4/8 + 668/8?
8
Let s(o) = -o**3 + 11*o**2 + 14*o + 1. What is the tens digit of s(12)?
2
Let m(n) = n**2 + n. Suppose -5*j + 24 = 4*l, 4*j = -0*l + 2*l + 14. What is the units digit of m(l)?
2
Let c(i) = -154*i - 4. What is the tens digit of c(-1)?
5
Let p be (2/6)/(4/(-84)). Let v = p + 8. What is the units digit of (-9)/(3/((-3)/v))?
9
Let j be 13/(-2) - (-3)/(-2). What is the units digit of 1 - 1*j*3?
5
Let w(r) = r. Let q be w(4). Suppose 0 = -4*l - 0*l + q. What is the tens digit of l*(-11)/(1 + -2)?
1
Suppose -2*o + 1 - 88 = -5*l, 0 = -4*l - 2*o + 66. Let r = l - 9. What is the tens digit of (-8)/(-10)*180/r?
1
Let d = 17 + -28. Let n(s) = s**3 + 12*s**2 + 10*s - 2. Let x be n(d). Suppose 0 = 5*o - 59 + x. What is the units digit of o?
0
Let p = 2 + 0. Suppose 2*x = p*h - 26, 4*h = 2*x + 35 + 9. Suppose 2*z + 3 = 3*s + 22, -2*z + h = -s. What is the units digit of z?
2
Let s(g) = -7*g - 1. Let w be s(-1). Let c = -1 - w. Let b = -4 - c. What is the units digit of b?
3
Let z(s) = s**3 + 10*s**2 + 18*s + 9. What is the tens digit of z(-7)?
3
Let g be 6*(-9)/6*-1. Suppose -3*j = 3*x - g, 0*j + j + 15 = 5*x. Let c(v) = 5*v - 4. What is the tens digit of c(x)?
1
What is the tens digit of (-1)/((-3)/(-9)) - -78?
7
Suppose 2*c = 5*c. Suppose 5 = l + 2*l - 2*b, c = -3*l - b + 20. What is the units digit of l?
5
Suppose -18 = -4*u + h - 2, -2*u - 3*h = 6. Suppose 23 = 4*l - u*c - 16, l + 2*c = 18. What is the tens digit of l?
1
Suppose g - 6*g = -3*z + 657, -3*z - g = -657. What is the tens digit of z?
1
Let d = -60 + 63. Let a(c) = 2*c**3 + 2*c - 3*c**3 + 3*c**2 + c**2. What is the units digit of a(d)?
5
Let j(p) = -9*p + 3. Let u be j(-5). Suppose -5*w + u + 37 = 0. What is the units digit of w?
7
Let z = 42 - 19. What is the units digit of z?
3
Suppose -3*l - t - 21 - 16 = 0, 0 = -4*l - 5*t - 53. Let y = l - -21. What is the units digit of y?
9
Suppose -w + a = -4, -a - 2*a - 8 = -2*w. Suppose w*l - 12 = 24. What is the units digit of l?
9
Let b = 38 + -21. What is the units digit of b?
7
Suppose -5*v + 1 = c + 4, -3*v - 5 = -c. Suppose 53 = 3*a - a - m, 0 = c*m - 10. What is th